he highest common factor of 2976 and 336.
48
Calculate the greatest common factor of 768 and 6744.
24
What is the greatest common factor of 445900 and 784?
196
Calculate the highest common divisor of 306663 and 102.
51
What is the greatest common divisor of 5357 and 147561?
487
Calculate the greatest common factor of 105 and 112245.
105
What is the highest common factor of 50 and 837850?
50
Calculate the highest common factor of 1495 and 44252.
299
Calculate the greatest common factor of 405191 and 158.
79
What is the highest common divisor of 6352 and 1424?
16
Calculate the highest common divisor of 42 and 99442.
14
What is the highest common factor of 5261796 and 36?
36
Calculate the greatest common factor of 430 and 108532.
86
What is the highest common factor of 9671 and 1729?
19
Calculate the highest common factor of 287 and 889.
7
Calculate the highest common divisor of 242726 and 59.
59
Calculate the greatest common factor of 930 and 961.
31
What is the highest common factor of 126 and 16914?
6
Calculate the highest common divisor of 327635 and 231.
77
Calculate the highest common factor of 77 and 12419.
11
Calculate the greatest common factor of 451105 and 830.
415
What is the highest common divisor of 865672 and 72?
8
What is the highest common divisor of 27263 and 3383?
199
What is the highest common divisor of 2252709 and 9?
9
What is the highest common factor of 236930 and 57?
19
Calculate the greatest common divisor of 740 and 54612.
148
What is the greatest common divisor of 7772 and 2948?
268
What is the greatest common factor of 49 and 4751971?
49
Calculate the greatest common factor of 4 and 893778.
2
Calculate the highest common divisor of 11214 and 15750.
126
What is the greatest common factor of 7021 and 31388?
413
What is the highest common factor of 1207 and 1232347?
1207
Calculate the highest common divisor of 46170 and 540.
270
What is the greatest common divisor of 742 and 7392?
14
Calculate the highest common divisor of 1632 and 4029.
51
Calculate the greatest common factor of 368169 and 102.
51
What is the greatest common divisor of 138572 and 98?
98
Calculate the highest common factor of 2601950 and 4550.
650
Calculate the highest common divisor of 36 and 77676.
12
Calculate the highest common divisor of 13614 and 6.
6
What is the greatest common divisor of 10 and 182290?
10
What is the greatest common divisor of 7536 and 528?
48
Calculate the highest common divisor of 239 and 29.
1
Calculate the greatest common divisor of 4 and 73396.
4
What is the highest common factor of 660 and 2538580?
220
What is the highest common divisor of 124222 and 76?
38
What is the highest common factor of 42151 and 61?
61
What is the highest common factor of 7123 and 9218?
419
What is the greatest common divisor of 6408 and 664?
8
Calculate the greatest common factor of 17634 and 54.
6
What is the greatest common divisor of 20460 and 420?
60
Calculate the highest common factor of 741658 and 3505.
701
Calculate the highest common factor of 189 and 158109.
21
Calculate the greatest common factor of 3333540 and 2100.
420
Calculate the highest common factor of 245 and 3075.
5
Calculate the highest common divisor of 51056 and 48.
16
Calculate the highest common divisor of 14550 and 150.
150
Calculate the greatest common divisor of 11184847 and 733.
733
What is the highest common divisor of 256 and 234240?
256
What is the greatest common divisor of 7 and 36071?
7
Calculate the highest common divisor of 403 and 567970.
13
What is the highest common divisor of 32 and 1286?
2
What is the highest common divisor of 8372 and 5747?
7
Calculate the highest common factor of 96 and 1416288.
96
What is the highest common factor of 164773 and 21?
7
What is the greatest common divisor of 463 and 305117?
463
What is the greatest common divisor of 1529 and 7183?
11
What is the highest common factor of 7536 and 6751?
157
What is the highest common divisor of 220197 and 203?
29
Calculate the highest common divisor of 60 and 296805.
15
Calculate the highest common factor of 1512 and 4424.
56
What is the greatest common factor of 1027 and 73333?
13
What is the highest common factor of 648 and 74538?
18
Calculate the highest common divisor of 12 and 658432.
4
Calculate the greatest common divisor of 4 and 1458.
2
Calculate the highest common divisor of 118 and 13496604.
118
What is the highest common divisor of 936 and 367016?
104
Calculate the highest common divisor of 5576 and 861.
41
Calculate the greatest common divisor of 480 and 1569.
3
Calculate the greatest common factor of 406 and 1283569.
203
What is the highest common divisor of 281470 and 140?
70
Calculate the highest common divisor of 147696 and 3298.
34
What is the greatest common divisor of 3477255 and 690?
345
Calculate the highest common factor of 68 and 11012.
4
Calculate the greatest common factor of 16682 and 5491.
19
Calculate the highest common factor of 276 and 39238.
46
What is the highest common factor of 86 and 1896343?
43
Calculate the highest common divisor of 45760 and 1540.
220
What is the greatest common divisor of 700 and 388675?
175
What is the highest common divisor of 7 and 1206548?
7
What is the highest common factor of 666957 and 57?
57
What is the greatest common divisor of 32692 and 627?
11
Calculate the highest common divisor of 1464 and 104.
8
Calculate the greatest common factor of 2967298 and 188.
94
Calculate the highest common factor of 414931 and 1474.
737
Calculate the highest common divisor of 34175 and 50.
25
Calculate the highest common divisor of 35016 and 32.
8
Calculate the greatest common divisor of 38129 and 1827.
7
What is the highest common factor of 8 and 57320?
8
What is the highest common factor of 82498 and 418?
38
Calculate the highest common divisor of 297520 and 170.
10
Calculate the greatest common factor of 5084 and 25172.
124
Calculate the greatest common factor of 2666 and 3440.
86
What is the greatest common divisor of 6586 and 9472?
74
Calculate the greatest common divisor of 27138988 and 46.
46
What is the greatest common divisor of 13164 and 48?
12
What is the highest common divisor of 77 and 21747?
11
What is the greatest common divisor of 15844 and 136?
68
Calculate the highest common divisor of 24980 and 980.
20
What is the highest common divisor of 8759996 and 112?
28
Calculate the greatest common divisor of 137457 and 81.
81
Calculate the highest common divisor of 2342356 and 776.
388
Calculate the highest common factor of 26 and 420836.
26
What is the greatest common divisor of 17423 and 114625?
917
What is the highest common factor of 10150 and 3654?
406
What is the highest common factor of 4290 and 147810?
390
What is the greatest common factor of 15 and 57795?
15
What is the greatest common divisor of 2289 and 8829?
327
Calculate the greatest common divisor of 136268 and 1630.
326
What is the greatest common factor of 16 and 33776?
16
Calculate the highest common divisor of 1846964 and 28.
28
Calculate the highest common factor of 61162 and 424.
106
What is the greatest common factor of 85 and 467160?
85
What is the highest common factor of 40 and 780008?
8
Calculate the highest common divisor of 5285787 and 3.
3
Calculate the highest common factor of 60 and 12070.
10
What is the highest common factor of 130324 and 124?
124
What is the greatest common factor of 39 and 471094?
13
Calculate the greatest common factor of 25486 and 8.
2
What is the highest common divisor of 9816 and 1807371?
1227
Calculate the greatest common factor of 8620 and 4741.
431
Calculate the highest common factor of 19250 and 16632.
154
What is the greatest common divisor of 3736 and 154577?
467
What is the greatest common divisor of 37040 and 560?
80
Calculate the greatest common divisor of 1004739 and 285.
57
What is the highest common factor of 542043 and 263?
263
What is the highest common divisor of 30550 and 7150?
650
What is the greatest common factor of 24132 and 16?
4
Calculate the greatest common factor of 393 and 579.
3
What is the greatest common divisor of 381208 and 32?
8
Calculate the greatest common divisor of 542 and 828176.
542
What is the highest common divisor of 598 and 403?
13
What is the highest common factor of 46520 and 4320?
40
